{"id":615,"date":"2024-03-28T17:32:00","date_gmt":"2024-03-28T17:32:00","guid":{"rendered":"https:\/\/tiendatecno.com.ar\/?post_type=product&#038;p=615"},"modified":"2024-03-28T18:02:06","modified_gmt":"2024-03-28T18:02:06","slug":"notebook-max-l5-i5-15-8-240-bangho","status":"publish","type":"product","link":"https:\/\/tiendatecno.com.ar\/?product=notebook-max-l5-i5-15-8-240-bangho","title":{"rendered":"NOTEBOOK MAX L5 I5 15&#8243;\/8\/240 BANGHO"},"content":{"rendered":"<p>La notebook Bangh\u00f3 MAX L5 es una soluci\u00f3n tanto para trabajar y estudiar como para entretenerte. Al ser port\u00e1til, el escritorio dejar\u00e1 de ser tu \u00fanico espacio de uso para abrirte las puertas a otros ambientes ya sea en tu casa o en la oficina.<\/p>\n<p>Pantalla con gran impacto visual<br \/>\nSu pantalla de 15.6&#8243; y 1366&#215;768 px de resoluci\u00f3n te brindar\u00e1 colores m\u00e1s vivos y definidos. Tus pel\u00edculas y series preferidas cobrar\u00e1n vida, ya que ganar\u00e1n calidad y definici\u00f3n en cada detalle.<\/p>\n<p>Eficiencia a tu alcance<br \/>\nSu procesador Intel Core i5 de 4 n\u00facleos, est\u00e1 pensado para aquellas personas generadoras y consumidoras de contenidos. Con esta unidad central, la m\u00e1quina llevar\u00e1 a cabo varios procesos de forma simult\u00e1nea, desde edici\u00f3n de videos hasta retoques fotogr\u00e1ficos con programas profesionales.<\/p>\n<p>Potente disco s\u00f3lido<br \/>\nEl disco s\u00f3lido de 240 GB hace que el equipo funcione a gran velocidad y por lo tanto te brinda mayor agilidad para operar con diversos programas.<\/p>\n","protected":false},"excerpt":{"rendered":"<p>La notebook Bangh\u00f3 MAX L5 es una soluci\u00f3n tanto para trabajar y estudiar como para entretenerte. Al ser port\u00e1til, el escritorio dejar\u00e1 de ser tu \u00fanico espacio de uso para abrirte las puertas a otros ambientes ya sea en tu casa o en la oficina. Pantalla con gran impacto visual Su pantalla de 15.6&#8243; y [&hellip;]<\/p>\n","protected":false},"featured_media":618,"comment_status":"open","ping_status":"closed","template":"","meta":{"site-sidebar-layout":"default","site-content-layout":"default","ast-site-content-layout":"default","site-content-style":"default","site-sidebar-style":"default","ast-global-header-display":"","ast-banner-title-visibility":"","ast-main-header-display":"","ast-hfb-above-header-display":"","ast-hfb-below-header-display":"","ast-hfb-mobile-header-display":"","site-post-title":"","ast-breadcrumbs-content":"","ast-featured-img":"","footer-sml-layout":"","ast-disable-related-posts":"","theme-transparent-header-meta":"default","adv-header-id-meta":"","stick-header-meta":"default","header-above-stick-meta":"","header-main-stick-meta":"","header-below-stick-meta":"","astra-migrate-meta-layouts":"default","ast-page-background-enabled":"default","ast-page-background-meta":{"desktop":{"background-color":"","background-image":"","background-repeat":"repeat","background-position":"center center","background-size":"auto","background-attachment":"scroll","background-type":"","background-media":"","overlay-type":"","overlay-color":"","overlay-opacity":"","overlay-gradient":""},"tablet":{"background-color":"","background-image":"","background-repeat":"repeat","background-position":"center center","background-size":"auto","background-attachment":"scroll","background-type":"","background-media":"","overlay-type":"","overlay-color":"","overlay-opacity":"","overlay-gradient":""},"mobile":{"background-color":"","background-image":"","background-repeat":"repeat","background-position":"center center","background-size":"auto","background-attachment":"scroll","background-type":"","background-media":"","overlay-type":"","overlay-color":"","overlay-opacity":"","overlay-gradient":""}},"ast-content-background-meta":{"desktop":{"background-color":"var(--ast-global-color-5)","background-image":"","background-repeat":"repeat","background-position":"center center","background-size":"auto","background-attachment":"scroll","background-type":"","background-media":"","overlay-type":"","overlay-color":"","overlay-opacity":"","overlay-gradient":""},"tablet":{"background-color":"var(--ast-global-color-5)","background-image":"","background-repeat":"repeat","background-position":"center center","background-size":"auto","background-attachment":"scroll","background-type":"","background-media":"","overlay-type":"","overlay-color":"","overlay-opacity":"","overlay-gradient":""},"mobile":{"background-color":"var(--ast-global-color-5)","background-image":"","background-repeat":"repeat","background-position":"center center","background-size":"auto","background-attachment":"scroll","background-type":"","background-media":"","overlay-type":"","overlay-color":"","overlay-opacity":"","overlay-gradient":""}},"_joinchat":[]},"product_brand":[],"product_cat":[106],"product_tag":[108,141,140],"class_list":{"0":"post-615","1":"product","2":"type-product","3":"status-publish","4":"has-post-thumbnail","6":"product_cat-notebooks","7":"product_tag-bangho","8":"product_tag-la-notebook","9":"product_tag-max-l5","10":"align-left","11":"box-shadow-1","12":"box-shadow-3-hover","13":"ast-product-gallery-layout-horizontal","14":"ast-product-tabs-layout-horizontal","16":"first","17":"instock","18":"sale","19":"shipping-taxable","20":"purchasable","21":"product-type-simple"},"_links":{"self":[{"href":"https:\/\/tiendatecno.com.ar\/index.php?rest_route=\/wp\/v2\/product\/615","targetHints":{"allow":["GET"]}}],"collection":[{"href":"https:\/\/tiendatecno.com.ar\/index.php?rest_route=\/wp\/v2\/product"}],"about":[{"href":"https:\/\/tiendatecno.com.ar\/index.php?rest_route=\/wp\/v2\/types\/product"}],"replies":[{"embeddable":true,"href":"https:\/\/tiendatecno.com.ar\/index.php?rest_route=%2Fwp%2Fv2%2Fcomments&post=615"}],"wp:featuredmedia":[{"embeddable":true,"href":"https:\/\/tiendatecno.com.ar\/index.php?rest_route=\/wp\/v2\/media\/618"}],"wp:attachment":[{"href":"https:\/\/tiendatecno.com.ar\/index.php?rest_route=%2Fwp%2Fv2%2Fmedia&parent=615"}],"wp:term":[{"taxonomy":"product_brand","embeddable":true,"href":"https:\/\/tiendatecno.com.ar\/index.php?rest_route=%2Fwp%2Fv2%2Fproduct_brand&post=615"},{"taxonomy":"product_cat","embeddable":true,"href":"https:\/\/tiendatecno.com.ar\/index.php?rest_route=%2Fwp%2Fv2%2Fproduct_cat&post=615"},{"taxonomy":"product_tag","embeddable":true,"href":"https:\/\/tiendatecno.com.ar\/index.php?rest_route=%2Fwp%2Fv2%2Fproduct_tag&post=615"}],"curies":[{"name":"wp","href":"https:\/\/api.w.org\/{rel}","templated":true}]}}