{"id":593,"date":"2024-03-26T18:24:36","date_gmt":"2024-03-26T18:24:36","guid":{"rendered":"https:\/\/tiendatecno.com.ar\/?post_type=product&#038;p=593"},"modified":"2024-03-26T18:24:36","modified_gmt":"2024-03-26T18:24:36","slug":"placa-de-video-radeon-rx580-afox","status":"publish","type":"product","link":"https:\/\/tiendatecno.com.ar\/?product=placa-de-video-radeon-rx580-afox","title":{"rendered":"PLACA DE VIDEO RADEON RX580 AFOX"},"content":{"rendered":"<p>    Interfaz PCI-Express 3.0.<br \/>\n    Memoria gr\u00e1fica GDDR5 de 8000MHz.<br \/>\n    Bus de memoria: 256bit.<br \/>\n    Cantidad de n\u00facleos: 2304.<br \/>\n    Frecuencia boost del n\u00facleo de 1340MHz y base de 1256MHz.<br \/>\n    Resoluci\u00f3n m\u00e1xima: 7680&#215;4320.<br \/>\n    Compatible con directX y openGL.<br \/>\n    Requiere de 500W de alimentaci\u00f3n.<br \/>\n    Cuenta con conexi\u00f3n: HDMI.<br \/>\n    Ideal para trabajar a alta velocidad.<\/p>\n","protected":false},"excerpt":{"rendered":"<p>Interfaz PCI-Express 3.0. Memoria gr\u00e1fica GDDR5 de 8000MHz. Bus de memoria: 256bit. Cantidad de n\u00facleos: 2304. Frecuencia boost del n\u00facleo de 1340MHz y base de 1256MHz. Resoluci\u00f3n m\u00e1xima: 7680&#215;4320. Compatible con directX y openGL. Requiere de 500W de alimentaci\u00f3n. Cuenta con conexi\u00f3n: HDMI. Ideal para trabajar a alta velocidad.<\/p>\n","protected":false},"featured_media":594,"comment_status":"open","ping_status":"closed","template":"","meta":{"site-sidebar-layout":"default","site-content-layout":"default","ast-site-content-layout":"default","site-content-style":"default","site-sidebar-style":"default","ast-global-header-display":"","ast-banner-title-visibility":"","ast-main-header-display":"","ast-hfb-above-header-display":"","ast-hfb-below-header-display":"","ast-hfb-mobile-header-display":"","site-post-title":"","ast-breadcrumbs-content":"","ast-featured-img":"","footer-sml-layout":"","ast-disable-related-posts":"","theme-transparent-header-meta":"default","adv-header-id-meta":"","stick-header-meta":"default","header-above-stick-meta":"","header-main-stick-meta":"","header-below-stick-meta":"","astra-migrate-meta-layouts":"default","ast-page-background-enabled":"default","ast-page-background-meta":{"desktop":{"background-color":"","background-image":"","background-repeat":"repeat","background-position":"center center","background-size":"auto","background-attachment":"scroll","background-type":"","background-media":"","overlay-type":"","overlay-color":"","overlay-opacity":"","overlay-gradient":""},"tablet":{"background-color":"","background-image":"","background-repeat":"repeat","background-position":"center center","background-size":"auto","background-attachment":"scroll","background-type":"","background-media":"","overlay-type":"","overlay-color":"","overlay-opacity":"","overlay-gradient":""},"mobile":{"background-color":"","background-image":"","background-repeat":"repeat","background-position":"center center","background-size":"auto","background-attachment":"scroll","background-type":"","background-media":"","overlay-type":"","overlay-color":"","overlay-opacity":"","overlay-gradient":""}},"ast-content-background-meta":{"desktop":{"background-color":"var(--ast-global-color-5)","background-image":"","background-repeat":"repeat","background-position":"center center","background-size":"auto","background-attachment":"scroll","background-type":"","background-media":"","overlay-type":"","overlay-color":"","overlay-opacity":"","overlay-gradient":""},"tablet":{"background-color":"var(--ast-global-color-5)","background-image":"","background-repeat":"repeat","background-position":"center center","background-size":"auto","background-attachment":"scroll","background-type":"","background-media":"","overlay-type":"","overlay-color":"","overlay-opacity":"","overlay-gradient":""},"mobile":{"background-color":"var(--ast-global-color-5)","background-image":"","background-repeat":"repeat","background-position":"center center","background-size":"auto","background-attachment":"scroll","background-type":"","background-media":"","overlay-type":"","overlay-color":"","overlay-opacity":"","overlay-gradient":""}},"_joinchat":[]},"product_brand":[],"product_cat":[73,74],"product_tag":[122,72,120,121],"class_list":{"0":"post-593","1":"product","2":"type-product","3":"status-publish","4":"has-post-thumbnail","6":"product_cat-componentes-pc","7":"product_cat-placa-de-video","8":"product_tag-afox","9":"product_tag-placa-de-video","10":"product_tag-radeon","11":"product_tag-rx580","12":"align-left","13":"box-shadow-1","14":"box-shadow-3-hover","15":"ast-product-gallery-layout-horizontal","16":"ast-product-tabs-layout-horizontal","18":"first","19":"instock","20":"sale","21":"shipping-taxable","22":"purchasable","23":"product-type-simple"},"_links":{"self":[{"href":"https:\/\/tiendatecno.com.ar\/index.php?rest_route=\/wp\/v2\/product\/593","targetHints":{"allow":["GET"]}}],"collection":[{"href":"https:\/\/tiendatecno.com.ar\/index.php?rest_route=\/wp\/v2\/product"}],"about":[{"href":"https:\/\/tiendatecno.com.ar\/index.php?rest_route=\/wp\/v2\/types\/product"}],"replies":[{"embeddable":true,"href":"https:\/\/tiendatecno.com.ar\/index.php?rest_route=%2Fwp%2Fv2%2Fcomments&post=593"}],"wp:featuredmedia":[{"embeddable":true,"href":"https:\/\/tiendatecno.com.ar\/index.php?rest_route=\/wp\/v2\/media\/594"}],"wp:attachment":[{"href":"https:\/\/tiendatecno.com.ar\/index.php?rest_route=%2Fwp%2Fv2%2Fmedia&parent=593"}],"wp:term":[{"taxonomy":"product_brand","embeddable":true,"href":"https:\/\/tiendatecno.com.ar\/index.php?rest_route=%2Fwp%2Fv2%2Fproduct_brand&post=593"},{"taxonomy":"product_cat","embeddable":true,"href":"https:\/\/tiendatecno.com.ar\/index.php?rest_route=%2Fwp%2Fv2%2Fproduct_cat&post=593"},{"taxonomy":"product_tag","embeddable":true,"href":"https:\/\/tiendatecno.com.ar\/index.php?rest_route=%2Fwp%2Fv2%2Fproduct_tag&post=593"}],"curies":[{"name":"wp","href":"https:\/\/api.w.org\/{rel}","templated":true}]}}